t w(q) = 2*q + 2. Let x be w(-1). Suppose 0 = -o - 5*m - 5, o + x*m + 2*m - 1 = 0. Calculate the remainder when 12 is divided by o.
2
Let f(s) = -s - 16. Let r be f(-5). What is the remainder when 26 is divided by 6 - 10 - 1*r?
5
Suppose 4*q - 114 = 74. Calculate the remainder when 89 is divided by q.
42
Suppose 2 + 1 = x. Suppose 0 = 6*o - 3*o - 33. Calculate the remainder when o is divided by x.
2
Suppose -3*i = -150 - 99. Let n = -72 + 93. Calculate the remainder when i is divided by n.
20
Let c(t) = 2*t - 4*t - 5 + 3*t. Let p be c(5). Suppose p*b - 29 = -b. What is the remainder when b is divided by 10?
9
Suppose 9*l + 16 = 5*l. Let v be (-14)/(-3)*(-6)/l. Suppose 2*a - v = a. Calculate the remainder when a is divided by 2.
1
Suppose 5*t + 6*v - 11*v = 300, -4*t - v = -235. Suppose 4*z = -4*q + 80, 3*q - q = -4*z + 50. Calculate the remainder when t is divided by q.
14
Let z be 1/(-3) + 44/(-12). Let h = 4 + z. Suppose 2*p - n = 32, -3*p + n + 75 - 25 = h. What is the remainder when p is divided by 10?
8
Let q(s) = -3*s + 9. Calculate the remainder when q(-6) is divided by 10.
7
Suppose -3*s - 21 = -2*l + 14, 0 = 2*l + s - 15. Let r = -2 + l. Calculate the remainder when 15 is divided by r.
7
Let y(n) = -n**3 - 3*n**2 + 2. Let j(u) = u**3 - 5*u**2 - 8*u + 9. Let z be j(6). Suppose m + 3 = 2*m. Calculate the remainder when m is divided by y(z).
1
Suppose 0*y - 5*s = -5*y + 130, -5*y = s - 112. Let c = y - 1. What is the remainder when 85 is divided by c?
19
Suppose -80 = -4*c + 2*m, c - 3*m = -c + 48. What is the remainder when 60 is divided by c?
6
Let n(g) = g**3 + 4*g**2 + 2*g - 4. Let q be n(-3). Let b(j) = -23*j**3 + j**2. Calculate the remainder when b(q) is divided by 13.
11
Suppose 40 + 2 = 6*t. What is the remainder when t is divided by (-2 + 7)*(-8)/(-10)?
3
Let h be 2/(-4 - (-4 + 2)). What is the remainder when 16 is divided by (-2)/(-1) + (-4)/h?
4
Calculate the remainder when (-4 - (5 - 12)) + (7 - 1) is divided by 5.
4
Suppose -3*f - 5*k + 208 = 0, 3*k - 5*k + 10 = 0. Let p = 2 + 33. What is the remainder when p is divided by (-7)/35 - f/(-5)?
11
Let v(w) = -w**3 + 9*w**2 - 9*w + 12. Let p be (-4)/(-6) + (-26)/(-6). Suppose 24 = p*o - 16. Calculate the remainder when 6 is divided by v(o).
2
Let i(p) = -p - 8. Let w be i(-6). Calculate the remainder when (3 - (-72)/2) + w is divided by 13.
11
Let l be -2 - (3/(-1) + 0). Let f be l/4 + 183/(-12). Let c = f - -57. Calculate the remainder when c is divided by 22.
20
Let u(k) = -k**2 + 6*k. Let f be u(5). Suppose -j = f, q = j + 10 + 48. What is the remainder when q is divided by 14?
11
Let j(q) = -q**3 + q**2 - q - 1. Let i(g) = 7*g**2 - 2*g. Let h(t) = -i(t) - j(t). What is the remainder when h(8) is divided by 14?
11
Suppose 206 - 82 = 4*b. What is the remainder when 58 is divided by b?
27
Suppose g = 4*w - g - 14, 4 = 5*w + 2*g. Suppose -3*x + 3*y + 24 = 0, 3*y + w*y + 22 = 2*x. What is the remainder when x is divided by 2?
0
Let r = 16 - -12. Suppose r = f + f. Calculate the remainder when 53 is divided by f.
11
Suppose -3*j = -2*j - 23. What is the remainder when j is divided by 12?
11
Suppose -o + 7 = 4. Suppose -o*d - d = -72. What is the remainder when 70 is divided by d?
16
Let y(w) = w**2 + 58. Let h be y(0). Suppose 0*i + 2*i = h. Calculate the remainder when i is divided by 8.
5
Let q = -34 + 80. What is the remainder when q is divided by 27?
19
Let p(q) = -q + 22. Let r(s) = 4*s**2 - 2*s - 4. What is the remainder when r(4) is divided by p(4)?
16
Suppose 0 = 2*f - 4*l - 60, 0*f + 3*l + 120 = 4*f. Let x(s) = 0*s + 7*s - 12 + 14. Calculate the remainder when f is divided by x(2).
14
What is the remainder when 82 is divided by (44/10)/((7/5)/7)?
16
Suppose 0 = -v - 10 + 12. Suppose 8*n - 4*n - 8 = 0. Calculate the remainder when n is divided by v.
0
Let w(y) = y + 10. Suppose s + 2*s = -4*n + 25, 38 = 5*s + 3*n. Let q = -17 - -49. Calculate the remainder when q is divided by w(s).
15
Calculate the remainder when 52 is divided by (-3)/(1 + 2) - -19.
16
Let y be ((-57)/(-9))/(-1)*-18. Suppose -2*t - 2*f + 22 = -2, 0 = 5*t + f - 40. Calculate the remainder when (-12)/42 + y/t is divided by 6.
4
Let h = 10 + 7. Suppose -q + 5*q = 124. Calculate the remainder when q is divided by h.
14
Suppose 10 = 5*k + 2*g, -4*k + 8 = -g + 2*g. Suppose -k*j = 2*j - 48. What is the remainder when 23 is divided by j?
11
Let a be (-7)/(-14) + (-22)/(-4). Suppose -2*k - 23 = a*b - b, -b - 2*k - 11 = 0. Let l(o) = 6*o**2 + 2*o - 4. What is the remainder when l(b) is divided by 23?
21
Let v = -1 - -9. Let c(o) = o**2 + 7*o + 2. Let r be c(-9). Suppose 5*q + 3*i - 21 = -i, -5*q = 5*i - r. Calculate the remainder when v is divided by q.
3
Calculate the remainder when (0 + 27/18)/(3/146) is divided by 19.
16
Let f = -59 + 79. Calculate the remainder when f is divided by 7.
6
Let p = 109 - 78. What is the remainder when p is divided by (3/2 - 1)*32?
15
Let h = -41 + 71. Let b = -16 + h. Calculate the remainder when b is divided by 4.
2
Let b(u) be the first derivative of -u**4/4 + 10*u**3/3 + 3*u - 3. Calculate the remainder when b(10) is divided by 1 - 1/(-1) - 0.
1
Suppose l = 10 + 20. Calculate the remainder when l is divided by 8.
6
Suppose -9*j + 22 = -104. What is the remainder when 152 is divided by j?
12
Suppose -6*g + 7*g = 3. Suppose g*q = -2*q + 105. Calculate the remainder when q is divided by 11.
10
Let m be (5/15)/((-2)/18). Let f = 3 - m. Let u(i) = i**3 - 8*i**2 + 2*i - 1. What is the remainder when u(8) is divided by f?
3
Suppose -7 = -5*s + 83. What is the remainder when (-256)/(-3) - (-12)/s is divided by 22?
20
Suppose -4*i + 44 = -2*c, -c - 2*c = -i + 16. Calculate the remainder when 26 is divided by i.
6
Calculate the remainder when 186/6 - 0/(-1) is divided by 17.
14
Suppose 3*z = -4*o, o = 6*o + 4*z. Let i = 37 - o. Suppose -s + 0*s + 5*q - 3 = 0, 0 = -s - 3*q + i. Calculate the remainder when s is divided by 8.
6
Let x = 2 + 3. Let l(w) = 15 + w - x + w. Calculate the remainder when l(9) is divided by 10.
8
Suppose 0 = 4*m - 5*f - 118, -3*m + 4*f = 2*f - 92. Suppose 4*r + 75 = 5*g, -3*g + 3*r = -5*g + 7. What is the remainder when m is divided by g?
10
Suppose 5*f = -0*f + 70. Calculate the remainder when 41 is divided by f.
13
Let s(t) be the second derivative of 44*t**5/5 - t**4/6 + t**3/6 + 3*t. Let k be s(1). Suppose 480 = 5*x + k. What is the remainder when x is divided by 21?
19
Let f = -7 - -21. What is the remainder when 66 is divided by f?
10
Let a = 17 - 8. Let w = 60 + -34. Calculate the remainder when w is divided by a.
8
Let w(u) = -19*u + 7. What is the remainder when 76 is divided by w(-1)?
24
Let l be 10/(26/8 + -3). Suppose -4*j = -44 - l. What is the remainder when 40 is divided by j?
19
Suppose 3*s - 3*r - 36 = 0, 0 = -4*s - 3*r + 10 + 17. Calculate the remainder when s is divided by 4.
1
Let k(h) = h**3 - h - 75. Let l be k(0). Let n be (l/(-4))/(-5)*-4. Suppose -6*x = -x - n. Calculate the remainder when 8 is divided by x.
2
Let h = -49 + 69. What is the remainder when h is divided by 11?
9
Let z = 66 - 34. What is the remainder when z is divided by 6?
2
Suppose 0*q + 3*q - 15 = 0. Let p = 9 - q. Suppose -32 = -t + p*a + 16, 5*t = 5*a + 180. Calculate the remainder when t is divided by 17.
15
Suppose -s + 3*x + 33 = 0, 3*s - 34 - 25 = x. Calculate the remainder when 35 is divided by s.
17
Let x(d) = d**2 + 3*d + 1. Suppose 5*w + j + 9 = -15, 27 = -5*w + 2*j. Calculate the remainder when 21 is divided by x(w).
10
What is the remainder when 35 is divided by (-23 - -24)*(0 + 14/1)?
7
Suppose -4*x - 30 = -x. Calculate the remainder when 4 is divided by ((-12)/x)/(14/35).
1
Let t be 129/5 + (-1)/(-5). Let b = t + -8. Suppose -5*i = -73 + 23. What is the remainder when b is divided by i?
8
Calculate the remainder when ((-1)/(-3))/(2/246) is divided by (-290)/(-20) - (-2)/(-4).
13
Suppose 0 = t - 0 - 6. Suppose x = -4*i - 4, 5*i = -0*x + 2*x - 18. What is the remainder when t is divided by x?
2
Suppose 15 = -5*q, -3*x = 2*q - 9 - 81. Let t = x + -14. Calculate the remainder when 70 is divided by t.
16
Suppose 0 = 3*a, j - 4*a + 6 = -j. Let x be (-28 + -5)*(-4)/j. Calculate the remainder when (4 + -3)/((-2)/x) is divided by 8.
6
Let g(j) = -3*j + 1. Suppose 